 - -5)?
3
Let k be 66/21 - (60/(-21) + 3). Suppose -k*l - 4*l - 238 = 0. Let b = l + 54. What is the units digit of b?
0
Let b(k) = -2*k**3 - 37*k**2 - 49*k - 12. What is the ten thousands digit of b(-26)?
1
Suppose -340 + 55 = -5*k. Let l = k - 62. What is the units digit of (l/3)/(10/6 - 2)?
5
Let x(c) = -3*c**2 + 4*c**2 + 5*c**3 + 0*c**3 - 2*c**3. Let t be x(-1). What is the units digit of (-2 + 3 + t/4)*14?
7
Let g = 344 - 157. What is the tens digit of 5342/22 - (-34)/g?
4
Suppose 2*x + 5*w = 10141, 2*x - w = 12473 - 2350. What is the hundreds digit of x?
0
Let u be -3*(2 - (36 + 4)). Let w = 261 - u. Suppose -4*l - 210 = -5*d - 2*l, 3*d - w = -3*l. What is the tens digit of d?
4
What is the hundreds digit of ((-16755)/12)/((-420)/336)?
1
Suppose 0 = -4*x + k - 359, 3*k - 5*k = 4*x + 362. What is the tens digit of (588/9)/(-4*5/x)?
9
Let o be (-8)/(-20) - -5 - (-9)/15. Suppose 5*a - 2*j - 8 - 24 = 0, 4*a = -3*j + 44. Let y = o + a. What is the units digit of y?
4
Let r(x) be the second derivative of x**3/3 - 43*x**2/2 - 11*x. Let c be r(12). Let t = 33 + c. What is the tens digit of t?
1
What is the thousands digit of ((-1)/(1/20))/((-508)/400304)?
5
Let t(x) = 10*x - 33. Let b(m) = -5*m + 17. Let v(o) = 13*b(o) + 6*t(o). Let a be v(5). Let l = 28 - a. What is the tens digit of l?
3
Let w(j) = -20*j. Let f(t) = t**2 - 15*t + 12. Let q be f(14). Let a be (6*1/1)/q. What is the tens digit of w(a)?
6
Suppose -20 = -3*r - r, -l - 295 = r. Let z = -214 - -12. Let s = z - l. What is the units digit of s?
8
Let g = -7 - -1. Let y(u) be the second derivative of -u**5/20 - 5*u**3/6 - 1685*u. What is the tens digit of y(g)?
4
Suppose -11*r + 25128 = 7*r. Suppose 2805 = 2*m - 3*z, -m + z - 6*z + r = 0. What is the hundreds digit of m?
4
Suppose 26*s = 3*v + 21*s - 39592, 4*v - 2*s - 52822 = 0. What is the hundreds digit of v?
2
Let l = 12694 + -4717. What is the units digit of l?
7
Suppose -13 + 8 = y, 23198 = 3*b + 2*y. What is the units digit of b?
6
What is the thousands digit of -24*(172575/(-6))/39?
7
Suppose 8874 = 4*j + 2*x, 4*j - 9482 + 593 = -5*x. Suppose 55*q = 57*q - j. What is the tens digit of q?
0
Let d be 4/(-18) + (-256)/(-18). Suppose 2*n - 106 = -4*q, -4*q + 28*n + 103 = 27*n. Suppose -z = -q + d. What is the units digit of z?
2
Let t = -10268 - -12902. What is the hundreds digit of t?
6
What is the tens digit of (4*(-9)/(-60))/(70/1637650)?
3
Suppose 0*t = 3*h - 3*t - 33, 2*h = t + 26. Suppose 196 = 2*m - m - u, -3*u + h = 0. What is the units digit of m?
1
Suppose -41842 = -w + 2*p, 0 = 5*w - 3*p - 175525 - 33741. What is the ten thousands digit of w?
4
Suppose -4*g = 0, 25 = -42*x + 47*x + g. What is the units digit of 2695/10 - x/(-10)?
0
Let q(d) = d**3 - 24*d**2 - 44*d + 1366. What is the units digit of q(39)?
5
Let w(i) = i + 8. Let o be w(-4). Suppose -r - g = 3*g - 54, -o*r + 141 = g. Suppose -465 = -r*b + 29*b. What is the units digit of b?
3
Let z(s) = -914*s - 422. What is the hundreds digit of z(-8)?
8
Let x be 2/(-24) + 2482/408. What is the tens digit of (4 + (-10280)/(-25))/(x/15)?
3
Suppose -2425276 = -145*a + 1511329. What is the thousands digit of a?
7
Let v(j) = 3*j**2 - 13*j - 31. Let u be v(6). What is the hundreds digit of 102 + 11 - (u - 5)?
1
Let d(g) = 2*g. Let f be d(4). Suppose 0 = 2*x - 58 + f. Let w = x + 23. What is the tens digit of w?
4
Let l(p) = 183*p - 51. Let q(b) = -b**3 + 6*b**2 - 2*b - 15. Let y be q(3). What is the hundreds digit of l(y)?
0
Suppose 0 = 8*o - 13*o - 25. Let u be 9/((-180)/8) - 12/o. Suppose -188 = -u*m + 32. What is the hundreds digit of m?
1
Let w = 121 + 108. Let j = -1464 - -1600. Let q = w - j. What is the tens digit of q?
9
Let o(z) = -223*z - 1339. Let d be o(-6). Let g(r) be the first derivative of -21*r**2 - r - 1. What is the tens digit of g(d)?
4
Let u = 26 - 19. What is the hundreds digit of 1137/(-6)*(u - 5)*-4?
5
Let r(l) = -51*l**2 + 2*l - 3. Let a be r(-3). What is the units digit of a/(-546) - (-29444)/14?
4
Suppose s = 4*g + 774, s - 3*g - 482 - 292 = 0. Let u = s - 253. What is the units digit of u?
1
Let b be 450*(-70)/21 + 8. Let z = b - -2117. What is the hundreds digit of z?
6
Let k = 106 - 103. Suppose -s = k*x - 414, -4*x + x = 2*s - 828. Suppose 2493 = 9*w + s. What is the hundreds digit of w?
2
Let m = -49 + 53. Suppose -m*g = -g + 3*p - 12, g - 3 = -2*p. Suppose g*k - 4*j = 728, -8*j + 5*j - 294 = -2*k. What is the tens digit of k?
4
Let i = -379 - -384. Suppose -i*z = -3*t - 1015, 7*t = 6*t. What is the units digit of z?
3
Suppose 0 = 2*c - 2, -2*n + 2*c - c + 59 = 0. Suppose 2*v = 3*i - 30, -2*v = 5*i - 2*i - n. Suppose -i*x + 36 + 1034 = 0. What is the hundreds digit of x?
1
What is the thousands digit of -132 + 133 + (-11)/(-2)*3636?
9
Let x = -1060 - -1858. Suppose 4*t - x = -2*t. Suppose 3*z = 2*z + t. What is the hundreds digit of z?
1
Let s(v) = 215*v**3 - v**2 - 221*v + 898. What is the hundreds digit of s(4)?
7
What is the tens digit of (128/320)/((-2)/(-34785))?
5
Let n(j) = 2*j**2 + 22*j + 9. Let z be n(-14). Let m = -97 + z. What is the hundreds digit of (2/m)/((-8)/(-48)) - -210?
2
Suppose a = 83*d - 78*d + 19591, 2*a - 39098 = -4*d. What is the hundreds digit of a?
5
Suppose 0 = -8*r + 3*r + 25. Suppose r*c - 2*t - 10 + 3 = 0, 5*t = -3*c + 29. What is the units digit of c + ((-2)/1 - -2)?
3
Suppose 2*b = -4*l + 19986, -431*b - 3*l = -433*b + 20007. What is the hundreds digit of b?
9
Let f be (-4)/(-6) + (-4287)/(-9). Suppose -f*r - 276 = -479*r. What is the tens digit of r?
3
Suppose 76860 = 101*t - 87*t. What is the units digit of t?
0
Let u = 141071 - 46393. What is the hundreds digit of u?
6
Suppose -2*s + 16 + 6 = -3*g, 2*s + 5*g + 10 = 0. Let v(u) = s*u + 9*u + 0*u**2 + 3*u**3 - 6*u**2 - 7*u + 7. What is the units digit of v(4)?
1
Let z = 2021 - 1751. Let i = -66 - 110. Let r = z + i. What is the units digit of r?
4
Let u = 30 + -26. Suppose k - u = -0. Suppose -k*d + 68 = 4*p - 5*d, -d = -3*p + 51. What is the tens digit of p?
1
Let c be 1/((-68)/12 - -6). Suppose 2*r = -c*r - 2*o + 653, 2*o - 8 = 0. What is the hundreds digit of r?
1
Suppose 0 = 7*c - 2*c, i - 5*c = -159. Let o = i + 326. What is the units digit of o?
7
Let v = -127 - -132. Suppose -5*n + 7 = -3*i, -3 - 12 = -5*n - v*i. What is the units digit of n?
2
Let k(x) = 16*x**3 + 2*x**2 + 19*x + 66. What is the hundreds digit of k(8)?
5
Suppose -26*x + 9310 = -12*x. Let c = -158 + x. What is the tens digit of c?
0
Let q(u) = 4*u**2 + 25*u + 17. Let z be q(-7). What is the hundreds digit of (108/2)/(z/76)?
1
Let g = 1948 - -5722. What is the hundreds digit of g?
6
Suppose 189*u = 217*u - 571844. What is the hundreds digit of u?
4
Suppose 145*g = 142*g + 63. Suppose -22*t + g*t + 157 = 0. What is the units digit of t?
7
Let v(z) be the second derivative of -z**4/12 + 13*z**3 + 46*z**2 - 64*z - 2. What is the hundreds digit of v(54)?
3
What is the thousands digit of 1291916/28 + (72/(-84))/(-6)?
6
Suppose 587 = 33*c + 2699. Suppose a + 5 = -86. Let w = c - a. What is the units digit of w?
7
Let y be (2/3)/(18/189) + -1. Suppose 2*n = y*n + 20, 3*m + 2*n - 80 = 0. What is the hundreds digit of (-7)/((-84)/100)*m?
2
Let y(n) = 130*n**3 + 117*n**2 + 7*n. What is the ten thousands digit of y(5)?
1
Suppose -772434 = 63*v - 2111688. What is the hundreds digit of v?
2
Suppose -m - 2*y - 1 = 0, -3*m + 0*m + 5*y = -41. Suppose m*l = -12*l + 152. Suppose -2*r + l*j = 4*j - 210, -r = 4*j - 111. What is the hundreds digit of r?
1
Let g(x) = 11*x**2 - 30*x + 4. Let n be g(-7). Let k = n + -383. What is the units digit of k?
0
Suppose 19 = 5*u - 21. Let z be 4 - 16*4/u. What is the units digit of (-12)/z*-1*237/(-9)?
9
Let c(n) = 160*n**2 + 27*n - 26. What is the thousands digit of c(-5)?
3
Suppose -225 = -5*o + 2*y, -125 = -2*o - 2*y - 35. Let r(d) = -2*d + 7. Let p be r(5). What is the units digit of o/(-20)*-4 + p?
6
Let t(o) = -o + 0*o**2 + 3*o**2 + o**2 + 1 + 0*o**2. Let d be t(-3). What is the tens digit of 14*15/d*12?
6
Let y(p) = 191*p**2 + 22*p - 181. What is the tens digit of y(-11)?
8
Let x = 16 + -22. Let f(k) = -6 + 25 + 0*k + k - 6*k + 0*k. What is the units digit of f(x)?
9
Suppose -11*x = -1796 + 4898. Let s = -269 - x. What is the tens digit of s?
1
Let y(l) = 2*l